w - 8*w + 24. Calculate y(l).
-7
Suppose -q = s + 5, 3*q + 0*s = 5*s + 25. Let t(c) = 1 - 2 + q - c. What is t(4)?
-5
Let l(z) = z**2 - 7*z + 5. Let c be l(7). Let x(n) = c*n + 5 + 11*n - 13*n. Calculate x(-5).
-10
Let z be 1*(2 + -2)/(-4). Let f(p) = -p**2 + p - 4. Calculate f(z).
-4
Let y(b) = b**2 - 4*b - 1. Let j(p) = -4*p**2 + 12*p + 2. Let u(s) = -2*j(s) - 7*y(s). Let w = -127 - -123. What is u(w)?
3
Let s(f) be the third derivative of 1/360*f**6 - 1/120*f**5 + 0 - f**2 - 1/12*f**4 + 1/6*f**3 + 0*f. Let y(h) be the first derivative of s(h). Determine y(3).
4
Let d(o) = -8*o**3 - o**2 + o + 1. Let p(t) = -5*t + 0*t**2 - 7*t - t**2 + t - 1. Let v be p(-11). Determine d(v).
7
Let f(n) = -5*n**2 - 7*n - 11. Let l(a) = a**2 + a + 1. Let d(h) = -f(h) - 6*l(h). Let x(q) = q + 8. Suppose -4*k + 0 = 16. Let p be x(k). Determine d(p).
-7
Let l(k) = 3*k + 3. Let t(d) = -d - 1. Let w(o) = l(o) + t(o). Suppose 5*f + 4 = 3*h, 3*h + 0*h = 9. Suppose 2*r = 5 - f. What is w(r)?
6
Let q(v) = -v**3 + 2*v**2 + 1. Suppose -2*m + 8 = -0. Suppose 10 = z + m*z. What is q(z)?
1
Suppose -5 - 1 = -o. Let j(i) = i**2 - 5*i + 1. Determine j(o).
7
Let x(t) be the second derivative of t**5/20 + t**4/4 + t**3/6 + t**2/2 - t. Let l(r) = -r. Let n be l(2). Determine x(n).
3
Let j be 3/(-15) + 123/15. Let r be (j + -1 - 2)/(-1). Let d(z) be the third derivative of z**5/60 + z**4/4 + z**3 + z**2. Give d(r).
1
Let s be -6 + 0 + (-2 - -3). Let a(l) be the second derivative of -l**4/12 - 4*l**3/3 - 7*l**2/2 + l + 27. Give a(s).
8
Let w(s) be the second derivative of -s**6/180 - s**5/30 - s**4/6 - 8*s. Let i(k) be the third derivative of w(k). Calculate i(-3).
8
Suppose 14 = 5*j - 2*o - 1, 4*j - 12 = -2*o. Let m(f) = 13*f**2 - f**2 + 2*f**3 - 3*f - j*f**3 - 2 - 8*f**2. What is m(3)?
-2
Let k = -128 + 122. Let g(l) = -l**2 - 4*l + 3. What is g(k)?
-9
Let b(g) be the third derivative of 0*g**3 + 0*g + g**2 - 1/240*g**6 + 0 - 1/12*g**4 - 1/30*g**5. Let n(o) be the second derivative of b(o). What is n(-3)?
5
Let i(r) = 20*r + 1. Let o(w) = 2*w**2 + 17*w + 9. Let t be o(-8). Calculate i(t).
21
Let p(s) = -s**2 + 5*s - 7. Let o(a) = a**3 - 5*a**2 - 5*a - 1. Let d be o(6). Determine p(d).
-7
Let v(l) be the third derivative of -l**6/120 - l**5/10 - l**4/4 + l**3/3 + 3*l**2. Suppose 0 = -5*b + 25, 0*a + 4*a + 19 = -b. Let r = -11 - a. Determine v(r).
7
Let r(b) = -b + 0 + 1 - 2*b**2 + b**3 + 1. Calculate r(2).
0
Let d(t) = -2*t**2 - 4*t - 3. Let i be (1 + 2)/((-4)/(-120)). Suppose -54 = -5*m - 4*r, 5*m - 7*r - i = -2*r. Let q be (7/m)/(1/(-4)). Give d(q).
-3
Let u(l) = 2*l**2 + 2*l + 1. Suppose d = 4*d - 18. Suppose d*z = 3*z - 9. What is u(z)?
13
Let h(l) be the third derivative of -l**3 - 1/60*l**5 - l**2 - 1/3*l**4 + 0 + 0*l. Calculate h(-4).
10
Let i(f) = -f - 1. Let p be i(-4). Let y(s) = p - 4 - s**3 - 3*s**2 + 5*s**2 - 6*s**3. Let a be (-1 - 4/(-6))*-3. What is y(a)?
-6
Let a(y) = -12*y - 8. Let j(c) = -23*c - 15. Let x(n) = 11*a(n) - 6*j(n). Calculate x(2).
14
Let h(y) = y**2 + 9*y + 2. Let z be h(-9). Let d(k) = 0*k + 2*k**z - k - 3 - k. Let b(o) = -o**2 + o. Let m be b(2). Calculate d(m).
9
Let k be (-6)/(-9) - 26/(-6). Suppose 5*u - k*l = -10, 0 = u - 2*l + 3*l - 2. Let q(x) = -x - 1. What is q(u)?
-1
Suppose 25 = -l + 6*l. Let z(g) be the third derivative of 0 + 1/3*g**3 + 5/24*g**4 - 4*g**2 + 0*g - 1/60*g**5. What is z(l)?
2
Let k(m) = -5*m**3 + 5*m**2 + 2*m + 2. Let f(w) be the first derivative of w**4 - 5*w**3/3 - w**2/2 - w - 6. Let a(u) = 4*f(u) + 3*k(u). Give a(2).
-6
Suppose 3*c + 2*c = 0. Let i(w) = -w**3 + w - 3. Determine i(c).
-3
Let f(m) = 16*m**2 + 15*m - 6. Let j = 28 + -17. Let t(k) = 3*k**2 + 3*k - 1. Let x(c) = j*t(c) - 2*f(c). What is x(-3)?
1
Let m(c) = 3*c - 1. Let j(u) = -u. Let v(f) = 4*j(f) + m(f). Determine v(-7).
6
Let m(o) be the first derivative of -5/3*o**3 + 1/4*o**4 - o**2 + 3 + 7*o. Determine m(5).
-3
Let w(k) = -k**3 - 4*k**2 + 3*k - 5. Suppose -4*x + 1 = -3*i + 2*i, -3*x = -i. Suppose -5*y - r = -y + 17, -i*y = 5*r + 34. Let h = y + -2. What is w(h)?
5
Suppose 2*h + 1 = -3*y, 0 = -5*y + 2*y + 3*h + 24. Suppose -y*d - t - 2 = 0, 2*d - 3*d - t = -2. Let o(v) = -2*v. What is o(d)?
4
Let x(o) = -o + 1. Let h(v) = -4*v + 11. Let b(n) = h(n) - 6*x(n). Suppose 16*a = 13*a - 18. Calculate b(a).
-7
Let m(y) = -y + 27. Let o(s) = s - 18. Let h(z) = 5*m(z) + 7*o(z). What is h(8)?
25
Let d(p) be the third derivative of -p**4/8 + p**3/6 + p**2. Let c = 4 - 6. Give d(c).
7
Let r(l) be the first derivative of l**2/2 + 6*l + 57. Let o = 5 - 11. Calculate r(o).
0
Let i(u) = 2*u**2 + 2*u + 2. Let o(y) = -13*y - 1. Let z be o(1). Let t = z - -12. Calculate i(t).
6
Let b(n) = -n**2 + 4*n. Let d be 1/4 + 76/16. Suppose 0 = -d*h + 13 + 12. Give b(h).
-5
Let k(u) = -u**2 + 4*u. Let x be (-4)/(-12)*15/1. Let i(n) = 2*n**2 - 7*n. Let p(g) = x*k(g) + 3*i(g). Let c be 2*(-3 + 0)/6. What is p(c)?
2
Let j(v) = -v**2 - 4*v + 5. Let k be 25/(-4) - (-6)/24. Let r be 39/k + (-2)/(-4). Determine j(r).
-7
Let n = -6 + -1. Let c(y) = y. Let d(k) = -2*k. Let t(j) = n*c(j) - 5*d(j). Suppose -3*g + 3 = -6*g. Determine t(g).
-3
Suppose 0 = -3*k - 4*k + 12*k. Let y(a) = a + 5. Calculate y(k).
5
Let r(d) = -d + 4. Let x be r(4). Let m(t) = -4*t**3 - 3*t. Let w(f) = -11*f**3 - 8*f + 1. Let k(b) = 8*m(b) - 3*w(b). Give k(x).
-3
Suppose 0 = -q + 11 - 12. Let a be q/1 - (13 + -14). Let o(x) = -x**2 + 4. Determine o(a).
4
Let i(q) be the third derivative of q**5/60 - q**4/24 - q**3/6 - q**2. Let o(c) be the first derivative of i(c). Let d = 103 + -98. Give o(d).
9
Let n(p) = -2*p**3 + 2*p**2 + 7*p - 11. Let x(v) = 3*v**3 - 3*v**2 - 10*v + 16. Let s(w) = -7*n(w) - 5*x(w). Give s(0).
-3
Let l = -15 - -21. Let c(v) = 47*v**2 + 48*v**2 - 5 + 6*v - 96*v**2. Determine c(l).
-5
Let o = -28 - -32. Let p(z) = 7*z**2 + 2*z - 5. Let d(y) = -8*y**2 - 3*y + 5. Let w(h) = 6*d(h) + 7*p(h). Determine w(o).
-5
Suppose -6*r = -3*r - 6. Let x(u) = u**3 - 9*u**2 - 9 + 1 + 2*u**r. Give x(7).
-8
Let u(x) be the first derivative of x**2/2 + 3*x - 6. What is u(-7)?
-4
Let f(m) be the second derivative of m**5/20 + m**4/4 + m**3/6 + m**2 - 2*m. Let q = -5 + 1. Let a(g) = -g**2 - 4*g - 3. Let z be a(q). Calculate f(z).
-1
Let r = -148 + 267. Let s be (-493)/r + (-1)/(-7). Let a(i) be the first derivative of i**3/3 + 5*i**2/2 + 4*i - 1. Determine a(s).
0
Let u be 2/(-4)*0 + -2. Let r(g) = -g. Let y(o) = -2. Let s(h) = 6*r(h) + y(h). Calculate s(u).
10
Suppose 3*p = 5*u + 32, 0 = 4*p - p + 3. Let h(f) = f**2 + 5*f - 6. What is h(u)?
8
Let k(r) = 4*r - 13*r**2 + 14*r**2 + 4 - 7*r. Suppose 0*o = -o. Let l be 0 + o + 2 + 1. Give k(l).
4
Let f(p) = p**2 + 5*p + 6. Let l(s) = s**2 + 8*s + 10. Let r be l(-4). Give f(r).
12
Suppose 0 - 2 = -c. Let r(y) be the first derivative of -5 - y + c*y - y**2 + y. Determine r(-2).
6
Let w(y) = y - 1. Let s be w(2). Let q(o) = -37*o**2 - 29*o**2 + 2*o + 1 + 70*o**2 - 2. Calculate q(s).
5
Let c(s) = s + 1. Let d(o) = -o + 4. Let u be d(9). Let a be c(u). Let q(n) = -16*n + 11 - 14 + 18*n + 6. Give q(a).
-5
Let o(m) = -5*m**2 - 32*m + 13. Let w(a) = -a**2 - 8*a + 3. Let r(h) = 2*o(h) - 9*w(h). What is r(7)?
6
Let h(t) = -2*t**3 + 7*t**2 - 1. Let v(j) = 3*j**3 - 13*j**2 + 3. Let y(g) = -5*h(g) - 3*v(g). Let s be (-1*1*4)/1. Determine y(s).
-4
Let j(m) = 7*m**3 - 5*m**2 + 4*m - 9. Let f(b) = b**3 - 1 + 4 - 4. Let c = -75 - -74. Let r(z) = c*j(z) + 6*f(z). Give r(4).
3
Let s(n) = n**3 - 3*n**2 - n + 2. Let g(w) = -w**3 + 4*w**2 - 2*w - 1. Let f be g(2). What is s(f)?
-1
Let x(l) = -7*l**2 + l - 1. Let o(a) = 2*a**2 - 9*a - 4. Let i be o(5). Determine x(i).
-7
Suppose 0 = -k + 6 - 4. Let h(v) = k - 2 - v + 2*v. Give h(-4).
-4
Let z be (1/(-2))/(1/(-10)). Suppose 5*n = z, d = 4*n - n - 1. Let b(g) be the first derivative of g**4/4 - g**3/3 - 3*g**2/2 + g - 1. Determine b(d).
-1
Let o(s) = s**3 - s**2 - 5*s + 4. Suppose -2*v = -v - 5*p + 11, 5*v + 1 = -2*p. Let g be (v/(-1))/((-1)/3). Let m = 0 - g. Give o(m).
7
Let w be 0/9 - (0 + 3). Let r(h) = -h**2 - 5*h - 4. What is r(w)?
2
Let x(q) = -q**2 - 3*q + 2. Let g(d) = -2*d**2 - 7*d + 5. Let h(u) = -4*g(u) + 9*x(u). Suppose 0*y - 2*y - 6 = -5*s, -5*s = -4*y - 2. Calculate h(y).
-4
Let y(g) be the first derivative of -g**2 - 5*g - 1. Supp